6. Let y(v) = -274*v - 3. Let h be y(-3). Let a = r + h. Is a a prime number?
False
Let h(t) = -11*t + 12*t**2 - 5*t**2 - 8 + t - 6*t**2. Let i be h(8). Is ((-1328)/(-6) - -1) + i/(-36) prime?
True
Let u = -131 - -126. Let x(d) = -2112*d - 43. Is x(u) composite?
True
Let p = 105729 - 1880. Is p a prime number?
False
Let l be -5 - ((-3 - -4) + -15). Is (12/l + -2)/((-2)/11949) a prime number?
False
Let h = -78 + 78. Is 12492/6 + (0 - 1 - h) prime?
True
Is (30 - -2)/(35/32305) - -7 a prime number?
False
Let r = 2960 - 972. Let v = r - 1402. Is v prime?
False
Suppose -5*q + 3*j + 660 = 0, -2*q + 3*j = -30 - 234. Let b be (-2 + q/9)*-990. Is b/(-21) - (-2)/(-14) composite?
True
Let o = -591 + -1420. Let w = 9365 + o. Let i = 12189 - w. Is i composite?
True
Suppose 9*v - 10*v = -16. Suppose v*c - 196306 = -6*c. Is c a composite number?
False
Let o = 2816 - -23663. Is o composite?
False
Is 189207/6*14/(-147)*-7 a prime number?
True
Suppose -3*q + 2132*n - 2133*n + 37109 = 0, -24718 = -2*q + 2*n. Is q a prime number?
False
Let j = 51986 + -11835. Is j composite?
False
Let v(t) = 25*t - 2. Let y be v(-1). Let n = y - -27. Suppose n = -b - 0*s - 3*s + 260, -998 = -4*b + 2*s. Is b a composite number?
False
Let o = -168 - -171. Is ((-52278)/(-36))/((-3)/(-6))*o prime?
True
Let n be (1 - 2020)/(1 - 10/4). Let c = n + -831. Is c a composite number?
True
Let k be -15*(16/10)/(-2). Suppose 8*h - 13*h + 15 = 0. Suppose -h*i + 492 = 4*f + i, k = -3*i. Is f a prime number?
True
Let t(s) = -s**2 - 5*s. Let k be t(-2). Suppose 4309 = k*u - 13253. Is u a composite number?
False
Let u = 96911 - 30114. Is u composite?
False
Let g(p) be the third derivative of -p**5/60 - p**4/6 + 3*p**3/2 + 9*p**2. Let v be g(-5). Suppose 9*a - v*a - 815 = 0. Is a a prime number?
True
Is 0 + 6 - (11 + (-48566 - 2)) prime?
True
Let n be ((-23146)/(-10))/((-17)/(-255)). Suppose -p - 5*w + 8127 = 0, n = 5*p + 3*w - 6004. Is p a prime number?
True
Suppose 0 = -5*a + 160 + 330. Suppose 0 = 93*g - a*g + 3155. Is g composite?
False
Let i(u) = 14792*u**2 + 131*u - 543. Is i(4) composite?
False
Let x(p) = -23*p**2 + 44*p**2 + 11 + 8*p + 50*p**2 + 27*p**2. Is x(-3) a composite number?
True
Is -18 + 1 + 857916 + -2 prime?
True
Let n(k) = -1542*k - 2375. Is n(-18) a composite number?
True
Let u(y) = 8859*y**2 - 12*y + 2. Is u(1) a prime number?
True
Suppose -g + h + 260045 = 33041, 6*g + 2*h = 1362064. Is g composite?
True
Let l = 119138 + 76043. Is l a prime number?
False
Suppose z = 3*v + v + 19, 0 = 5*z - v - 38. Suppose 0 = 2*i + 1 - 7. Suppose 0 = i*j - z*j + 4724. Is j prime?
True
Let l(q) = 191*q**3 + 2*q**2 - 6*q - 7. Is l(2) a prime number?
False
Let l = 664 + -664. Suppose l = 5*y - 2*q - 13980, -6*y + 5*y + q = -2793. Is y a prime number?
False
Let l be (24/30)/((-4)/(-10)). Suppose -3*b + 34 = 5*i, -2*b - l*b - 24 = -2*i. Suppose 12*y = i*y + 1012. Is y a composite number?
True
Let b(u) = u**3 + 7*u**2 - 10*u - 13. Let z = 7 + -2. Suppose -z*o - 35 + 5 = 0. Is b(o) a composite number?
False
Let g be 6/60 + 259/10. Suppose -4*z + g = 22. Is -3 + z/((-2)/(-448)) prime?
False
Suppose 11*w = 6*w + 10. Suppose 3*q = 15, u = 2*q + w*q - 178. Let t = -36 - u. Is t composite?
True
Let m = 354035 + -28384. Is m a composite number?
True
Let d(n) = 114*n**3 + 13*n**2 + 24*n - 5. Let p be d(-6). Let o = p - -34782. Is o a prime number?
True
Suppose 5*i = -j + 996787, 2*j + 13 = 17. Is i composite?
False
Let l(g) = g**3 - 3*g**2 + 2*g - 2. Let r be l(3). Let m be ((-350)/28 - -12)*0. Suppose m = r*v - 544 - 92. Is v prime?
False
Suppose 636 = o - 94. Let h = -1149 - -712. Let n = h + o. Is n composite?
False
Let n(c) = -15*c + 3*c - 25*c. Let x(t) = -t**3 - 21*t**2 - 20*t - 3. Let o be x(-20). Is n(o) a composite number?
True
Suppose -2642018 = -3*d - 5*o, -2*d - 2*o = -2122037 + 360701. Is d composite?
False
Let q(z) = -z**2 + 7*z - 4. Let j be q(0). Is (174 + -2)*((-565)/j - 6) prime?
False
Suppose 48*z = 45*z + 408. Suppose -132*u = -z*u + 1916. Is u prime?
True
Let f(m) = 7621*m - 3583. Is f(12) composite?
False
Suppose -4*p + 12 = -5*p. Let j be p/18*6/4. Is j/((-375)/185 + 2) a prime number?
True
Suppose 7*l - 5*o = 2*l + 10, 2 = -o. Let p = -250 + 258. Suppose l = 15*w - p*w - 2471. Is w a composite number?
False
Suppose -102*o - 218706 = -108*o. Is o prime?
True
Is 7035/1 - 1460/(-146) a prime number?
False
Let y(n) = -2*n**3 + 8*n**2 - 4*n + 10. Let c = -47 - -41. Let z be y(c). Suppose -6*p - z = -2*r - 2*p, 2 = -p. Is r a prime number?
True
Let s(p) = 93*p**3 - p**2 - 3*p - 1. Let g be s(-5). Is -5 - g*(-6)/(-12) composite?
False
Suppose 5*v = -2*k + 18, 3*k - 1 = -v - 0. Suppose -235 - 137 = -v*r. Let l = 34 + r. Is l a composite number?
False
Let n(q) = 9*q + 2. Suppose j + 4 = 2*s, 4*j + 3*s = -2*s - 16. Let r be n(j). Let t = 45 + r. Is t prime?
True
Let g(w) = -6*w - 23. Let k be g(-4). Let i be (2 - 0) + -1 + 0. Is (k/3)/(i/20823) a composite number?
True
Let b(p) = -p**2 - 7*p - 6. Let f be b(-5). Let v be (3 - 0) + (-218)/(-1). Is v/4 - f/16 prime?
False
Suppose -g + 3 = 1. Let x(y) = 1 + 783*y**2 + 695*y**2 - g. Is x(-1) prime?
False
Is 2044784408/1672 - (-8)/110*(-20)/8 prime?
True
Suppose -48 = 8*q - 328. Let i = 139283 - 89411. Is i/10 + (-7)/q a composite number?
False
Let c(l) = 18*l**2 + 12*l + 23. Let v = 152 - 170. Is c(v) prime?
True
Let u be -71 + -3 + 3 + -1. Let z = -85 - u. Let d(q) = 3*q**2 + 7*q - 1. Is d(z) composite?
True
Let q(c) = 2270*c + 11. Suppose t - 9 = -3*w + 4, 3*w - 10 = 2*t. Is q(t) composite?
False
Let k = 170 + -167. Suppose k*a = 8*a + o - 7491, 5*a = -4*o + 7479. Is a prime?
True
Is (5/(-20))/(23/(-72803924)) a prime number?
True
Suppose 5*l + 35 = 5*j, -3*j - 4 = -2*l - 21. Let r be ((-32)/3)/((-24)/1332). Is 1 + j - (7 - r) prime?
False
Suppose -2*l + 2*k = 24, 0 = 2*k + 11 - 3. Let p(f) = -f**3 - 12*f**2 + 6*f + 39. Let w be p(l). Suppose 5*s = -242 + w. Is s prime?
False
Suppose 708661 = 36*u + u. Is u a prime number?
False
Suppose -119483 - 158304 = -k. Is k composite?
False
Is (144656 - (13 - 16))/1 a prime number?
True
Suppose 0 = 33*f - 35*f + 3*w + 148829, 0 = -5*f - 2*w + 372101. Is f composite?
False
Suppose -192*r = 2465712 - 35770992. Is r a composite number?
True
Let g(q) = q**2 + 298*q + 308. Is g(67) a prime number?
True
Let y(c) = 856*c**2 + 11*c + 12. Is y(-10) prime?
False
Let b(m) = -322*m**2 - 2*m + 2. Let t(g) = -80*g**2 + 1. Let n(p) = 2*b(p) - 9*t(p). Suppose 0*w + 3*s = -w + 1, 0 = 4*w - 2*s + 10. Is n(w) a prime number?
True
Suppose 69*r - 26*r = 7179666 - 2477573. Is r a composite number?
True
Let q(b) = 825*b**2 - 10*b + 1. Let g be q(1). Let s = 4163 - g. Is s a prime number?
True
Suppose -2*z + 4*z + 26 = 3*j, 5*j = 20. Let m(o) = o**3 + 8*o**2 + 7*o - 2. Let i be m(z). Let d(q) = -68*q**3 - 5*q**2 - 3*q + 3. Is d(i) prime?
False
Suppose 0 = -3*u + p + 2*p + 15, -4*u = p - 5. Is (4 - 5)*(-15122)/4*u composite?
False
Let j = 14 + -51. Let t = -33 - j. Suppose x = 4*s + 218 + 469, 0 = t*s + 8. Is x composite?
True
Let j = -2024 - 531. Let c = 1634 - j. Is c a prime number?
False
Let l = 2786 + -7321. Let x = 6994 + l. Is x a prime number?
True
Let s(k) = -k**3 - 12*k**2 - 29*k - 15. Let v be s(-9). Suppose 2*x + v*z = 1988, 0 = -5*z + z + 8. Is x a composite number?
False
Let x(a) = 313*a + 5. Let s = 35 - 30. Let l(j) = -j**2 + 3*j + 12. Let o be l(s). Is x(o) a prime number?
True
Suppose 131*k = 124*k + 817943. Is k a composite number?
False
Suppose -3*o - 5*q + 40 = 0, 0*q - 15 = -o - 2*q. Suppose -a + 4*s = -o + 7, 0 = -5*s + 5. Suppose -a*h + 580 = 2*h. Is h a composite number?
True
Let x(p) = -65*p - 36. Let h(d) = 32*d + 19. Let l(i) = 5*h(i) + 3*x(i). Is l(-12) a composite number?
True
Suppose -7*m - 3*r = -11*m + 1, 0 = -2*m + 3*r - 1. Let j(n) = 1568*n**2 - 3*n + 2. Is j(m) a prime number?
True
Let h = 117564 + -65506. Is h prime?
False
Suppose 26297123 + 22245702 = 75*g + 8207600. Is g prime?
False
Let g(p) = -p**3 + 15*p**2 - 2*p + 37. Let y be g(15). Let u be 2/y + 15910/(-70). Let w = u - -889. Is w composite?
True
Let z(f) = -f**2 - 21*f - 31. Let u(o) = o - 28. Let t be u(-9). Let v = t + 20. Is z(v) prime?
True
Suppose -2*v + 114601 = c, 4*c - 133274 = 5*v + 325208. Is c a prime number?
True
Let